{"version":"1.0","provider_name":"Sand\u017eak PRESS","provider_url":"https:\/\/sandzakpress.net\/arhiva","author_name":"bosniak","author_url":"https:\/\/sandzakpress.net\/arhiva\/author\/bosniak\/","title":"Turska \u0107e istra\u017eiti progone Krimskih Tatara","type":"rich","width":600,"height":338,"html":"<blockquote class=\"wp-embedded-content\" data-secret=\"dRkX1zjyKf\"><a href=\"https:\/\/sandzakpress.net\/arhiva\/turska-ce-istraziti-progone-krimskih-tatara\/\">Turska \u0107e istra\u017eiti progone Krimskih Tatara<\/a><\/blockquote><iframe sandbox=\"allow-scripts\" security=\"restricted\" src=\"https:\/\/sandzakpress.net\/arhiva\/turska-ce-istraziti-progone-krimskih-tatara\/embed\/#?secret=dRkX1zjyKf\" width=\"600\" height=\"338\" title=\"&#8220;Turska \u0107e istra\u017eiti progone Krimskih Tatara&#8221; &#8212; Sand\u017eak PRESS\" data-secret=\"dRkX1zjyKf\" frameborder=\"0\" marginwidth=\"0\" marginheight=\"0\" scrolling=\"no\" class=\"wp-embedded-content\"><\/iframe><script type=\"text\/javascript\">\n\/* <![CDATA[ *\/\n\/*! This file is auto-generated *\/\n!function(d,l){\"use strict\";l.querySelector&&d.addEventListener&&\"undefined\"!=typeof URL&&(d.wp=d.wp||{},d.wp.receiveEmbedMessage||(d.wp.receiveEmbedMessage=function(e){var t=e.data;if((t||t.secret||t.message||t.value)&&!\/[^a-zA-Z0-9]\/.test(t.secret)){for(var s,r,n,a=l.querySelectorAll('iframe[data-secret=\"'+t.secret+'\"]'),o=l.querySelectorAll('blockquote[data-secret=\"'+t.secret+'\"]'),c=new RegExp(\"^https?:$\",\"i\"),i=0;i<o.length;i++)o[i].style.display=\"none\";for(i=0;i<a.length;i++)s=a[i],e.source===s.contentWindow&&(s.removeAttribute(\"style\"),\"height\"===t.message?(1e3<(r=parseInt(t.value,10))?r=1e3:~~r<200&&(r=200),s.height=r):\"link\"===t.message&&(r=new URL(s.getAttribute(\"src\")),n=new URL(t.value),c.test(n.protocol))&&n.host===r.host&&l.activeElement===s&&(d.top.location.href=t.value))}},d.addEventListener(\"message\",d.wp.receiveEmbedMessage,!1),l.addEventListener(\"DOMContentLoaded\",function(){for(var e,t,s=l.querySelectorAll(\"iframe.wp-embedded-content\"),r=0;r<s.length;r++)(t=(e=s[r]).getAttribute(\"data-secret\"))||(t=Math.random().toString(36).substring(2,12),e.src+=\"#?secret=\"+t,e.setAttribute(\"data-secret\",t)),e.contentWindow.postMessage({message:\"ready\",secret:t},\"*\")},!1)))}(window,document);\n\/* ]]> *\/\n<\/script>\n","thumbnail_url":"https:\/\/sandzakpress.net\/arhiva\/wp-content\/uploads\/2015\/04\/tatari_epa_main.jpg","thumbnail_width":801,"thumbnail_height":535,"description":"Turska &#8211; Turska \u0107e poslati na Krim &#8220;neformalnu misiju&#8221; da tamo istra\u017ei &#8220;progone&#8221; Tatara, muslimanske manjine koja je ve\u0107im dijelom bila protiv pripajanja ukrajinskog poluotoka Rusiji izvr\u0161enog u martu 2014. godine, javlja Fena. &#8220;Ubrzo \u0107emo poslati neformalnu misiju da posmatra kr\u0161enja ljudskih prava na Krimu&#8221;, izjavio je u petak novinarima \u0161ef turske diplomatije Mevlut Cavasoglu. [&hellip;]"}

Sandžak PRESS

Turska će istražiti progone Krimskih Tatara

<blockquote class="wp-embedded-content" data-secret="dRkX1zjyKf"><a href="https://sandzakpress.net/arhiva/turska-ce-istraziti-progone-krimskih-tatara/">Turska će istražiti progone Krimskih Tatara</a></blockquote><iframe sandbox="allow-scripts" security="restricted" src="https://sandzakpress.net/arhiva/turska-ce-istraziti-progone-krimskih-tatara/embed/#?secret=dRkX1zjyKf" width="600" height="338" title="&#8220;Turska će istražiti progone Krimskih Tatara&#8221; &#8212; Sandžak PRESS" data-secret="dRkX1zjyKf" frameborder="0" marginwidth="0" marginheight="0" scrolling="no" class="wp-embedded-content"></iframe><script type="text/javascript">
/* <![CDATA[ */
/*! This file is auto-generated */
!function(d,l){"use strict";l.querySelector&&d.addEventListener&&"undefined"!=typeof URL&&(d.wp=d.wp||{},d.wp.receiveEmbedMessage||(d.wp.receiveEmbedMessage=function(e){var t=e.data;if((t||t.secret||t.message||t.value)&&!/[^a-zA-Z0-9]/.test(t.secret)){for(var s,r,n,a=l.querySelectorAll('iframe[data-secret="'+t.secret+'"]'),o=l.querySelectorAll('blockquote[data-secret="'+t.secret+'"]'),c=new RegExp("^https?:$","i"),i=0;i<o.length;i++)o[i].style.display="none";for(i=0;i<a.length;i++)s=a[i],e.source===s.contentWindow&&(s.removeAttribute("style"),"height"===t.message?(1e3<(r=parseInt(t.value,10))?r=1e3:~~r<200&&(r=200),s.height=r):"link"===t.message&&(r=new URL(s.getAttribute("src")),n=new URL(t.value),c.test(n.protocol))&&n.host===r.host&&l.activeElement===s&&(d.top.location.href=t.value))}},d.addEventListener("message",d.wp.receiveEmbedMessage,!1),l.addEventListener("DOMContentLoaded",function(){for(var e,t,s=l.querySelectorAll("iframe.wp-embedded-content"),r=0;r<s.length;r++)(t=(e=s[r]).getAttribute("data-secret"))||(t=Math.random().toString(36).substring(2,12),e.src+="#?secret="+t,e.setAttribute("data-secret",t)),e.contentWindow.postMessage({message:"ready",secret:t},"*")},!1)))}(window,document);
/* ]]> */
</script>

Turska &#8211; Turska će poslati na Krim &#8220;neformalnu misiju&#8221; da tamo istraži &#8220;progone&#8221; Tatara, muslimanske manjine koja je većim dijelom bila protiv pripajanja ukrajinskog poluotoka Rusiji izvršenog u martu 2014. godine, javlja Fena. &#8220;Ubrzo ćemo poslati neformalnu misiju da posmatra kršenja ljudskih prava na Krimu&#8221;, izjavio je u petak novinarima šef turske diplomatije Mevlut Cavasoglu. [&hellip;]
