{"version":"1.0","provider_name":"Sand\u017eak PRESS","provider_url":"https:\/\/sandzakpress.net\/arhiva","author_name":"bosniak","author_url":"https:\/\/sandzakpress.net\/arhiva\/author\/bosniak\/","title":"Tadi\u0107: Na inauguraciju bez Sejdijua","type":"rich","width":600,"height":338,"html":"<blockquote class=\"wp-embedded-content\" data-secret=\"GXyBcBFfDT\"><a href=\"https:\/\/sandzakpress.net\/arhiva\/tadic-na-inauguraciju-bez-sejdijua\/\">Tadi\u0107: Na inauguraciju bez Sejdijua<\/a><\/blockquote><iframe sandbox=\"allow-scripts\" security=\"restricted\" src=\"https:\/\/sandzakpress.net\/arhiva\/tadic-na-inauguraciju-bez-sejdijua\/embed\/#?secret=GXyBcBFfDT\" width=\"600\" height=\"338\" title=\"&#8220;Tadi\u0107: Na inauguraciju bez Sejdijua&#8221; &#8212; Sand\u017eak PRESS\" data-secret=\"GXyBcBFfDT\" frameborder=\"0\" marginwidth=\"0\" marginheight=\"0\" scrolling=\"no\" class=\"wp-embedded-content\"><\/iframe><script type=\"text\/javascript\">\n\/* <![CDATA[ *\/\n\/*! This file is auto-generated *\/\n!function(d,l){\"use strict\";l.querySelector&&d.addEventListener&&\"undefined\"!=typeof URL&&(d.wp=d.wp||{},d.wp.receiveEmbedMessage||(d.wp.receiveEmbedMessage=function(e){var t=e.data;if((t||t.secret||t.message||t.value)&&!\/[^a-zA-Z0-9]\/.test(t.secret)){for(var s,r,n,a=l.querySelectorAll('iframe[data-secret=\"'+t.secret+'\"]'),o=l.querySelectorAll('blockquote[data-secret=\"'+t.secret+'\"]'),c=new RegExp(\"^https?:$\",\"i\"),i=0;i<o.length;i++)o[i].style.display=\"none\";for(i=0;i<a.length;i++)s=a[i],e.source===s.contentWindow&&(s.removeAttribute(\"style\"),\"height\"===t.message?(1e3<(r=parseInt(t.value,10))?r=1e3:~~r<200&&(r=200),s.height=r):\"link\"===t.message&&(r=new URL(s.getAttribute(\"src\")),n=new URL(t.value),c.test(n.protocol))&&n.host===r.host&&l.activeElement===s&&(d.top.location.href=t.value))}},d.addEventListener(\"message\",d.wp.receiveEmbedMessage,!1),l.addEventListener(\"DOMContentLoaded\",function(){for(var e,t,s=l.querySelectorAll(\"iframe.wp-embedded-content\"),r=0;r<s.length;r++)(t=(e=s[r]).getAttribute(\"data-secret\"))||(t=Math.random().toString(36).substring(2,12),e.src+=\"#?secret=\"+t,e.setAttribute(\"data-secret\",t)),e.contentWindow.postMessage({message:\"ready\",secret:t},\"*\")},!1)))}(window,document);\n\/* ]]> *\/\n<\/script>\n","thumbnail_url":"https:\/\/sandzakpress.net\/arhiva\/wp-content\/uploads\/2010\/01\/19033176684b4f6ad3da47a152907830_orig.jpg","thumbnail_width":448,"thumbnail_height":322,"description":"Srbija &#8211; Boris Tadi\u0107 ka\u017ee da ne\u0107e prisustvovati inauguraciji hrvatskog predsjednika Ive Josipovi\u0107a ako toj sve\u010danosti bude prisustvovao predsjednik Kosova Fatmir Sejdiju. Tadi\u0107 je izjavio da bi njegovo prisustvo inauguraciji zajedno sa Sejdijuom zna\u010dilo da Srbija na indirektan na\u010din priznaje nezavisnost Kosova. Srbija je, kako je podsjetio, spremna da u\u010destvuje na regionalnim skupovima na kojima [&hellip;]"}

Sandžak PRESS

Tadić: Na inauguraciju bez Sejdijua

<blockquote class="wp-embedded-content" data-secret="GXyBcBFfDT"><a href="https://sandzakpress.net/arhiva/tadic-na-inauguraciju-bez-sejdijua/">Tadić: Na inauguraciju bez Sejdijua</a></blockquote><iframe sandbox="allow-scripts" security="restricted" src="https://sandzakpress.net/arhiva/tadic-na-inauguraciju-bez-sejdijua/embed/#?secret=GXyBcBFfDT" width="600" height="338" title="&#8220;Tadić: Na inauguraciju bez Sejdijua&#8221; &#8212; Sandžak PRESS" data-secret="GXyBcBFfDT" frameborder="0" marginwidth="0" marginheight="0" scrolling="no" class="wp-embedded-content"></iframe><script type="text/javascript">
/* <![CDATA[ */
/*! This file is auto-generated */
!function(d,l){"use strict";l.querySelector&&d.addEventListener&&"undefined"!=typeof URL&&(d.wp=d.wp||{},d.wp.receiveEmbedMessage||(d.wp.receiveEmbedMessage=function(e){var t=e.data;if((t||t.secret||t.message||t.value)&&!/[^a-zA-Z0-9]/.test(t.secret)){for(var s,r,n,a=l.querySelectorAll('iframe[data-secret="'+t.secret+'"]'),o=l.querySelectorAll('blockquote[data-secret="'+t.secret+'"]'),c=new RegExp("^https?:$","i"),i=0;i<o.length;i++)o[i].style.display="none";for(i=0;i<a.length;i++)s=a[i],e.source===s.contentWindow&&(s.removeAttribute("style"),"height"===t.message?(1e3<(r=parseInt(t.value,10))?r=1e3:~~r<200&&(r=200),s.height=r):"link"===t.message&&(r=new URL(s.getAttribute("src")),n=new URL(t.value),c.test(n.protocol))&&n.host===r.host&&l.activeElement===s&&(d.top.location.href=t.value))}},d.addEventListener("message",d.wp.receiveEmbedMessage,!1),l.addEventListener("DOMContentLoaded",function(){for(var e,t,s=l.querySelectorAll("iframe.wp-embedded-content"),r=0;r<s.length;r++)(t=(e=s[r]).getAttribute("data-secret"))||(t=Math.random().toString(36).substring(2,12),e.src+="#?secret="+t,e.setAttribute("data-secret",t)),e.contentWindow.postMessage({message:"ready",secret:t},"*")},!1)))}(window,document);
/* ]]> */
</script>

Srbija &#8211; Boris Tadić kaže da neće prisustvovati inauguraciji hrvatskog predsjednika Ive Josipovića ako toj svečanosti bude prisustvovao predsjednik Kosova Fatmir Sejdiju. Tadić je izjavio da bi njegovo prisustvo inauguraciji zajedno sa Sejdijuom značilo da Srbija na indirektan način priznaje nezavisnost Kosova. Srbija je, kako je podsjetio, spremna da učestvuje na regionalnim skupovima na kojima [&hellip;]
