{"version":"1.0","provider_name":"Sand\u017eak PRESS","provider_url":"https:\/\/sandzakpress.net\/arhiva","author_name":"bosniak","author_url":"https:\/\/sandzakpress.net\/arhiva\/author\/bosniak\/","title":"Sprije\u010den napad na turski parlament","type":"rich","width":600,"height":338,"html":"<blockquote class=\"wp-embedded-content\" data-secret=\"rYOb4KpBvg\"><a href=\"https:\/\/sandzakpress.net\/arhiva\/sprijecen-napad-na-turski-parlament\/\">Sprije\u010den napad na turski parlament<\/a><\/blockquote><iframe sandbox=\"allow-scripts\" security=\"restricted\" src=\"https:\/\/sandzakpress.net\/arhiva\/sprijecen-napad-na-turski-parlament\/embed\/#?secret=rYOb4KpBvg\" width=\"600\" height=\"338\" title=\"&#8220;Sprije\u010den napad na turski parlament&#8221; &#8212; Sand\u017eak PRESS\" data-secret=\"rYOb4KpBvg\" frameborder=\"0\" marginwidth=\"0\" marginheight=\"0\" scrolling=\"no\" class=\"wp-embedded-content\"><\/iframe><script type=\"text\/javascript\">\n\/* <![CDATA[ *\/\n\/*! This file is auto-generated *\/\n!function(d,l){\"use strict\";l.querySelector&&d.addEventListener&&\"undefined\"!=typeof URL&&(d.wp=d.wp||{},d.wp.receiveEmbedMessage||(d.wp.receiveEmbedMessage=function(e){var t=e.data;if((t||t.secret||t.message||t.value)&&!\/[^a-zA-Z0-9]\/.test(t.secret)){for(var s,r,n,a=l.querySelectorAll('iframe[data-secret=\"'+t.secret+'\"]'),o=l.querySelectorAll('blockquote[data-secret=\"'+t.secret+'\"]'),c=new RegExp(\"^https?:$\",\"i\"),i=0;i<o.length;i++)o[i].style.display=\"none\";for(i=0;i<a.length;i++)s=a[i],e.source===s.contentWindow&&(s.removeAttribute(\"style\"),\"height\"===t.message?(1e3<(r=parseInt(t.value,10))?r=1e3:~~r<200&&(r=200),s.height=r):\"link\"===t.message&&(r=new URL(s.getAttribute(\"src\")),n=new URL(t.value),c.test(n.protocol))&&n.host===r.host&&l.activeElement===s&&(d.top.location.href=t.value))}},d.addEventListener(\"message\",d.wp.receiveEmbedMessage,!1),l.addEventListener(\"DOMContentLoaded\",function(){for(var e,t,s=l.querySelectorAll(\"iframe.wp-embedded-content\"),r=0;r<s.length;r++)(t=(e=s[r]).getAttribute(\"data-secret\"))||(t=Math.random().toString(36).substring(2,12),e.src+=\"#?secret=\"+t,e.setAttribute(\"data-secret\",t)),e.contentWindow.postMessage({message:\"ready\",secret:t},\"*\")},!1)))}(window,document);\n\/* ]]> *\/\n<\/script>\n","description":"U napadu na turski parlament koju su izvele dvije osobe \u00a0pripadnice teroristi\u010dke organizacije DHKP-C, pripadnici bezbjednosnih snaga su sprije\u010dili napad i neutralisali napada\u010de. Na\u010delnik odjela za komunikacije predsjedni\u0161tva Republike Turske Fahretin Altun je izjavio da je teroristi\u010dki napad za cilj imao napad na volju turskog naroda. Altin je kazao da su dva pripadnika teroristi\u010dke organizacije [&hellip;]","thumbnail_url":"https:\/\/cdn.trt.net.tr\/images\/large\/rectangle\/c087\/c7c9\/d58a\/5cdbb4b3f2c01.jpg?time=1557914040"}

Sandžak PRESS

Spriječen napad na turski parlament

<blockquote class="wp-embedded-content" data-secret="rYOb4KpBvg"><a href="https://sandzakpress.net/arhiva/sprijecen-napad-na-turski-parlament/">Spriječen napad na turski parlament</a></blockquote><iframe sandbox="allow-scripts" security="restricted" src="https://sandzakpress.net/arhiva/sprijecen-napad-na-turski-parlament/embed/#?secret=rYOb4KpBvg" width="600" height="338" title="&#8220;Spriječen napad na turski parlament&#8221; &#8212; Sandžak PRESS" data-secret="rYOb4KpBvg" frameborder="0" marginwidth="0" marginheight="0" scrolling="no" class="wp-embedded-content"></iframe><script type="text/javascript">
/* <![CDATA[ */
/*! This file is auto-generated */
!function(d,l){"use strict";l.querySelector&&d.addEventListener&&"undefined"!=typeof URL&&(d.wp=d.wp||{},d.wp.receiveEmbedMessage||(d.wp.receiveEmbedMessage=function(e){var t=e.data;if((t||t.secret||t.message||t.value)&&!/[^a-zA-Z0-9]/.test(t.secret)){for(var s,r,n,a=l.querySelectorAll('iframe[data-secret="'+t.secret+'"]'),o=l.querySelectorAll('blockquote[data-secret="'+t.secret+'"]'),c=new RegExp("^https?:$","i"),i=0;i<o.length;i++)o[i].style.display="none";for(i=0;i<a.length;i++)s=a[i],e.source===s.contentWindow&&(s.removeAttribute("style"),"height"===t.message?(1e3<(r=parseInt(t.value,10))?r=1e3:~~r<200&&(r=200),s.height=r):"link"===t.message&&(r=new URL(s.getAttribute("src")),n=new URL(t.value),c.test(n.protocol))&&n.host===r.host&&l.activeElement===s&&(d.top.location.href=t.value))}},d.addEventListener("message",d.wp.receiveEmbedMessage,!1),l.addEventListener("DOMContentLoaded",function(){for(var e,t,s=l.querySelectorAll("iframe.wp-embedded-content"),r=0;r<s.length;r++)(t=(e=s[r]).getAttribute("data-secret"))||(t=Math.random().toString(36).substring(2,12),e.src+="#?secret="+t,e.setAttribute("data-secret",t)),e.contentWindow.postMessage({message:"ready",secret:t},"*")},!1)))}(window,document);
/* ]]> */
</script>

U napadu na turski parlament koju su izvele dvije osobe  pripadnice terorističke organizacije DHKP-C, pripadnici bezbjednosnih snaga su spriječili napad i neutralisali napadače. Načelnik odjela za komunikacije predsjedništva Republike Turske Fahretin Altun je izjavio da je teroristički napad za cilj imao napad na volju turskog naroda. Altin je kazao da su dva pripadnika terorističke organizacije [&hellip;]
