{"version":"1.0","provider_name":"Sand\u017eak PRESS","provider_url":"https:\/\/sandzakpress.net\/arhiva","author_name":"bosniak","author_url":"https:\/\/sandzakpress.net\/arhiva\/author\/bosniak\/","title":"Obilje\u017een \"Dan jedinstva Islamske zajednice\"","type":"rich","width":600,"height":338,"html":"<blockquote class=\"wp-embedded-content\" data-secret=\"sGKIAHyf5G\"><a href=\"https:\/\/sandzakpress.net\/arhiva\/obiljezen-dan-jedinstva-islamske-zajednice\/\">Obilje\u017een &#8220;Dan jedinstva Islamske zajednice&#8221;<\/a><\/blockquote><iframe sandbox=\"allow-scripts\" security=\"restricted\" src=\"https:\/\/sandzakpress.net\/arhiva\/obiljezen-dan-jedinstva-islamske-zajednice\/embed\/#?secret=sGKIAHyf5G\" width=\"600\" height=\"338\" title=\"&#8220;Obilje\u017een &#8220;Dan jedinstva Islamske zajednice&#8221;&#8221; &#8212; Sand\u017eak PRESS\" data-secret=\"sGKIAHyf5G\" frameborder=\"0\" marginwidth=\"0\" marginheight=\"0\" scrolling=\"no\" class=\"wp-embedded-content\"><\/iframe><script type=\"text\/javascript\">\n\/* <![CDATA[ *\/\n\/*! This file is auto-generated *\/\n!function(d,l){\"use strict\";l.querySelector&&d.addEventListener&&\"undefined\"!=typeof URL&&(d.wp=d.wp||{},d.wp.receiveEmbedMessage||(d.wp.receiveEmbedMessage=function(e){var t=e.data;if((t||t.secret||t.message||t.value)&&!\/[^a-zA-Z0-9]\/.test(t.secret)){for(var s,r,n,a=l.querySelectorAll('iframe[data-secret=\"'+t.secret+'\"]'),o=l.querySelectorAll('blockquote[data-secret=\"'+t.secret+'\"]'),c=new RegExp(\"^https?:$\",\"i\"),i=0;i<o.length;i++)o[i].style.display=\"none\";for(i=0;i<a.length;i++)s=a[i],e.source===s.contentWindow&&(s.removeAttribute(\"style\"),\"height\"===t.message?(1e3<(r=parseInt(t.value,10))?r=1e3:~~r<200&&(r=200),s.height=r):\"link\"===t.message&&(r=new URL(s.getAttribute(\"src\")),n=new URL(t.value),c.test(n.protocol))&&n.host===r.host&&l.activeElement===s&&(d.top.location.href=t.value))}},d.addEventListener(\"message\",d.wp.receiveEmbedMessage,!1),l.addEventListener(\"DOMContentLoaded\",function(){for(var e,t,s=l.querySelectorAll(\"iframe.wp-embedded-content\"),r=0;r<s.length;r++)(t=(e=s[r]).getAttribute(\"data-secret\"))||(t=Math.random().toString(36).substring(2,12),e.src+=\"#?secret=\"+t,e.setAttribute(\"data-secret\",t)),e.contentWindow.postMessage({message:\"ready\",secret:t},\"*\")},!1)))}(window,document);\n\/* ]]> *\/\n<\/script>\n","thumbnail_url":"https:\/\/sandzakpress.net\/arhiva\/wp-content\/uploads\/2011\/03\/dani-jedinstva-iz-27.3.2011-41.jpg","thumbnail_width":600,"thumbnail_height":399,"description":"Sjeverni Sand\u017eak &#8211; U Velikoj sali Me\u0161ihata u 19:30 \u010dasova obilje\u017een je \u201eDan jedinstva Islamske zajednice\u201c. Na dana\u0161nji dan 2007. godine objedinjena je Islamska zajednica na prostoru Srbije Objediniteljskim Saborom Islamske zajednice u Srbiji koji je tada odr\u017ean. \u010cetvorogodi\u0161njica je obilje\u017eena foto-izlo\u017ebom koja je prire\u0111ena u Velikoj sali \u010dija je tema \u201eMedijska agresija na Islamsku [&hellip;]"}

Sandžak PRESS

Obilježen "Dan jedinstva Islamske zajednice"

<blockquote class="wp-embedded-content" data-secret="sGKIAHyf5G"><a href="https://sandzakpress.net/arhiva/obiljezen-dan-jedinstva-islamske-zajednice/">Obilježen &#8220;Dan jedinstva Islamske zajednice&#8221;</a></blockquote><iframe sandbox="allow-scripts" security="restricted" src="https://sandzakpress.net/arhiva/obiljezen-dan-jedinstva-islamske-zajednice/embed/#?secret=sGKIAHyf5G" width="600" height="338" title="&#8220;Obilježen &#8220;Dan jedinstva Islamske zajednice&#8221;&#8221; &#8212; Sandžak PRESS" data-secret="sGKIAHyf5G" frameborder="0" marginwidth="0" marginheight="0" scrolling="no" class="wp-embedded-content"></iframe><script type="text/javascript">
/* <![CDATA[ */
/*! This file is auto-generated */
!function(d,l){"use strict";l.querySelector&&d.addEventListener&&"undefined"!=typeof URL&&(d.wp=d.wp||{},d.wp.receiveEmbedMessage||(d.wp.receiveEmbedMessage=function(e){var t=e.data;if((t||t.secret||t.message||t.value)&&!/[^a-zA-Z0-9]/.test(t.secret)){for(var s,r,n,a=l.querySelectorAll('iframe[data-secret="'+t.secret+'"]'),o=l.querySelectorAll('blockquote[data-secret="'+t.secret+'"]'),c=new RegExp("^https?:$","i"),i=0;i<o.length;i++)o[i].style.display="none";for(i=0;i<a.length;i++)s=a[i],e.source===s.contentWindow&&(s.removeAttribute("style"),"height"===t.message?(1e3<(r=parseInt(t.value,10))?r=1e3:~~r<200&&(r=200),s.height=r):"link"===t.message&&(r=new URL(s.getAttribute("src")),n=new URL(t.value),c.test(n.protocol))&&n.host===r.host&&l.activeElement===s&&(d.top.location.href=t.value))}},d.addEventListener("message",d.wp.receiveEmbedMessage,!1),l.addEventListener("DOMContentLoaded",function(){for(var e,t,s=l.querySelectorAll("iframe.wp-embedded-content"),r=0;r<s.length;r++)(t=(e=s[r]).getAttribute("data-secret"))||(t=Math.random().toString(36).substring(2,12),e.src+="#?secret="+t,e.setAttribute("data-secret",t)),e.contentWindow.postMessage({message:"ready",secret:t},"*")},!1)))}(window,document);
/* ]]> */
</script>

Sjeverni Sandžak &#8211; U Velikoj sali Mešihata u 19:30 časova obilježen je „Dan jedinstva Islamske zajednice“. Na današnji dan 2007. godine objedinjena je Islamska zajednica na prostoru Srbije Objediniteljskim Saborom Islamske zajednice u Srbiji koji je tada održan. Četvorogodišnjica je obilježena foto-izložbom koja je priređena u Velikoj sali čija je tema „Medijska agresija na Islamsku [&hellip;]
