{"version":"1.0","provider_name":"Sand\u017eak PRESS","provider_url":"https:\/\/sandzakpress.net\/arhiva","author_name":"bosniak","author_url":"https:\/\/sandzakpress.net\/arhiva\/author\/bosniak\/","title":"Obama \u0161alje Klintona na d\u017eenazu u Poto\u010dare","type":"rich","width":600,"height":338,"html":"<blockquote class=\"wp-embedded-content\" data-secret=\"ICTXF1fhkJ\"><a href=\"https:\/\/sandzakpress.net\/arhiva\/obama-salje-klintona-na-dzenazu-u-potocare\/\">Obama \u0161alje Klintona na d\u017eenazu u Poto\u010dare<\/a><\/blockquote><iframe sandbox=\"allow-scripts\" security=\"restricted\" src=\"https:\/\/sandzakpress.net\/arhiva\/obama-salje-klintona-na-dzenazu-u-potocare\/embed\/#?secret=ICTXF1fhkJ\" width=\"600\" height=\"338\" title=\"&#8220;Obama \u0161alje Klintona na d\u017eenazu u Poto\u010dare&#8221; &#8212; Sand\u017eak PRESS\" data-secret=\"ICTXF1fhkJ\" frameborder=\"0\" marginwidth=\"0\" marginheight=\"0\" scrolling=\"no\" class=\"wp-embedded-content\"><\/iframe><script type=\"text\/javascript\">\n\/* <![CDATA[ *\/\n\/*! This file is auto-generated *\/\n!function(d,l){\"use strict\";l.querySelector&&d.addEventListener&&\"undefined\"!=typeof URL&&(d.wp=d.wp||{},d.wp.receiveEmbedMessage||(d.wp.receiveEmbedMessage=function(e){var t=e.data;if((t||t.secret||t.message||t.value)&&!\/[^a-zA-Z0-9]\/.test(t.secret)){for(var s,r,n,a=l.querySelectorAll('iframe[data-secret=\"'+t.secret+'\"]'),o=l.querySelectorAll('blockquote[data-secret=\"'+t.secret+'\"]'),c=new RegExp(\"^https?:$\",\"i\"),i=0;i<o.length;i++)o[i].style.display=\"none\";for(i=0;i<a.length;i++)s=a[i],e.source===s.contentWindow&&(s.removeAttribute(\"style\"),\"height\"===t.message?(1e3<(r=parseInt(t.value,10))?r=1e3:~~r<200&&(r=200),s.height=r):\"link\"===t.message&&(r=new URL(s.getAttribute(\"src\")),n=new URL(t.value),c.test(n.protocol))&&n.host===r.host&&l.activeElement===s&&(d.top.location.href=t.value))}},d.addEventListener(\"message\",d.wp.receiveEmbedMessage,!1),l.addEventListener(\"DOMContentLoaded\",function(){for(var e,t,s=l.querySelectorAll(\"iframe.wp-embedded-content\"),r=0;r<s.length;r++)(t=(e=s[r]).getAttribute(\"data-secret\"))||(t=Math.random().toString(36).substring(2,12),e.src+=\"#?secret=\"+t,e.setAttribute(\"data-secret\",t)),e.contentWindow.postMessage({message:\"ready\",secret:t},\"*\")},!1)))}(window,document);\n\/* ]]> *\/\n<\/script>\n","thumbnail_url":"https:\/\/sandzakpress.net\/arhiva\/wp-content\/uploads\/2015\/07\/559ce561-6518-4dd7-8109-5a430a0a0a64-bill-cliinton-718x446.jpg","thumbnail_width":718,"thumbnail_height":446,"description":"Amerika &#8211; Sada\u0161nji ameri\u010dki predsjednik Barak Obama (Barack) ima vi\u0161e nego jasan stav u vezi sa Srebrenicom i zato je poslao biv\u0161eg ameri\u010dkog predsjednika Bila Klintona (Bill Clinton) da predstavlja SAD i da predvodi dvostrana\u010dku delegaciju na obilje\u017eavanje 20. godi\u0161njice genocida u Srebrenici, izjavio je ameri\u010dki senator Rod\u017eer Viker (Roger Wicker) u intervjuu za Slobodnu [&hellip;]"}

Sandžak PRESS

Obama šalje Klintona na dženazu u Potočare

<blockquote class="wp-embedded-content" data-secret="ICTXF1fhkJ"><a href="https://sandzakpress.net/arhiva/obama-salje-klintona-na-dzenazu-u-potocare/">Obama šalje Klintona na dženazu u Potočare</a></blockquote><iframe sandbox="allow-scripts" security="restricted" src="https://sandzakpress.net/arhiva/obama-salje-klintona-na-dzenazu-u-potocare/embed/#?secret=ICTXF1fhkJ" width="600" height="338" title="&#8220;Obama šalje Klintona na dženazu u Potočare&#8221; &#8212; Sandžak PRESS" data-secret="ICTXF1fhkJ" frameborder="0" marginwidth="0" marginheight="0" scrolling="no" class="wp-embedded-content"></iframe><script type="text/javascript">
/* <![CDATA[ */
/*! This file is auto-generated */
!function(d,l){"use strict";l.querySelector&&d.addEventListener&&"undefined"!=typeof URL&&(d.wp=d.wp||{},d.wp.receiveEmbedMessage||(d.wp.receiveEmbedMessage=function(e){var t=e.data;if((t||t.secret||t.message||t.value)&&!/[^a-zA-Z0-9]/.test(t.secret)){for(var s,r,n,a=l.querySelectorAll('iframe[data-secret="'+t.secret+'"]'),o=l.querySelectorAll('blockquote[data-secret="'+t.secret+'"]'),c=new RegExp("^https?:$","i"),i=0;i<o.length;i++)o[i].style.display="none";for(i=0;i<a.length;i++)s=a[i],e.source===s.contentWindow&&(s.removeAttribute("style"),"height"===t.message?(1e3<(r=parseInt(t.value,10))?r=1e3:~~r<200&&(r=200),s.height=r):"link"===t.message&&(r=new URL(s.getAttribute("src")),n=new URL(t.value),c.test(n.protocol))&&n.host===r.host&&l.activeElement===s&&(d.top.location.href=t.value))}},d.addEventListener("message",d.wp.receiveEmbedMessage,!1),l.addEventListener("DOMContentLoaded",function(){for(var e,t,s=l.querySelectorAll("iframe.wp-embedded-content"),r=0;r<s.length;r++)(t=(e=s[r]).getAttribute("data-secret"))||(t=Math.random().toString(36).substring(2,12),e.src+="#?secret="+t,e.setAttribute("data-secret",t)),e.contentWindow.postMessage({message:"ready",secret:t},"*")},!1)))}(window,document);
/* ]]> */
</script>

Amerika &#8211; Sadašnji američki predsjednik Barak Obama (Barack) ima više nego jasan stav u vezi sa Srebrenicom i zato je poslao bivšeg američkog predsjednika Bila Klintona (Bill Clinton) da predstavlja SAD i da predvodi dvostranačku delegaciju na obilježavanje 20. godišnjice genocida u Srebrenici, izjavio je američki senator Rodžer Viker (Roger Wicker) u intervjuu za Slobodnu [&hellip;]
