{"version":"1.0","provider_name":"Sand\u017eak PRESS","provider_url":"https:\/\/sandzakpress.net\/arhiva","author_name":"bosniak","author_url":"https:\/\/sandzakpress.net\/arhiva\/author\/bosniak\/","title":"Na razvalinama Jugoslavije, \u017eivimo u magare\u0107em sistemu vrednosti","type":"rich","width":600,"height":338,"html":"<blockquote class=\"wp-embedded-content\" data-secret=\"dhmf1DbIYL\"><a href=\"https:\/\/sandzakpress.net\/arhiva\/na-razvalinama-jugoslavije-zivimo-u-magarecem-sistemu-vrednosti\/\">Na razvalinama Jugoslavije, \u017eivimo u magare\u0107em sistemu vrednosti<\/a><\/blockquote><iframe sandbox=\"allow-scripts\" security=\"restricted\" src=\"https:\/\/sandzakpress.net\/arhiva\/na-razvalinama-jugoslavije-zivimo-u-magarecem-sistemu-vrednosti\/embed\/#?secret=dhmf1DbIYL\" width=\"600\" height=\"338\" title=\"&#8220;Na razvalinama Jugoslavije, \u017eivimo u magare\u0107em sistemu vrednosti&#8221; &#8212; Sand\u017eak PRESS\" data-secret=\"dhmf1DbIYL\" frameborder=\"0\" marginwidth=\"0\" marginheight=\"0\" scrolling=\"no\" class=\"wp-embedded-content\"><\/iframe><script type=\"text\/javascript\">\n\/* <![CDATA[ *\/\n\/*! This file is auto-generated *\/\n!function(d,l){\"use strict\";l.querySelector&&d.addEventListener&&\"undefined\"!=typeof URL&&(d.wp=d.wp||{},d.wp.receiveEmbedMessage||(d.wp.receiveEmbedMessage=function(e){var t=e.data;if((t||t.secret||t.message||t.value)&&!\/[^a-zA-Z0-9]\/.test(t.secret)){for(var s,r,n,a=l.querySelectorAll('iframe[data-secret=\"'+t.secret+'\"]'),o=l.querySelectorAll('blockquote[data-secret=\"'+t.secret+'\"]'),c=new RegExp(\"^https?:$\",\"i\"),i=0;i<o.length;i++)o[i].style.display=\"none\";for(i=0;i<a.length;i++)s=a[i],e.source===s.contentWindow&&(s.removeAttribute(\"style\"),\"height\"===t.message?(1e3<(r=parseInt(t.value,10))?r=1e3:~~r<200&&(r=200),s.height=r):\"link\"===t.message&&(r=new URL(s.getAttribute(\"src\")),n=new URL(t.value),c.test(n.protocol))&&n.host===r.host&&l.activeElement===s&&(d.top.location.href=t.value))}},d.addEventListener(\"message\",d.wp.receiveEmbedMessage,!1),l.addEventListener(\"DOMContentLoaded\",function(){for(var e,t,s=l.querySelectorAll(\"iframe.wp-embedded-content\"),r=0;r<s.length;r++)(t=(e=s[r]).getAttribute(\"data-secret\"))||(t=Math.random().toString(36).substring(2,12),e.src+=\"#?secret=\"+t,e.setAttribute(\"data-secret\",t)),e.contentWindow.postMessage({message:\"ready\",secret:t},\"*\")},!1)))}(window,document);\n\/* ]]> *\/\n<\/script>\n","description":"BiH, Srbija \u2013 \u201e\u017deleo bih i da \u201cIsusovi memoari\u201d podstaknu trajno zbli\u017eavanje Bo\u0161njaka i Srba. Mi smo dva stabla istog korena, iste pameti, i kad jeste i kad nije naopaka. Mi smo jedni drugima najpre\u010di i najbli\u017ei.\u201c- ka\u017ee Vuk Dra\u0161kovi\u0107, pisac i polit\u010dar, komentari\u0161u\u0107i svoj posljednji roman. U \u201eIsusovim memoarima\u201c Dra\u0161kovi\u0107, kroz pre\u017eivljavanje hromog fotoreportera [&hellip;]","thumbnail_url":"http:\/\/www.vijesti.ba\/thumbnail.php?file=news\/2015\/June\/vuk_draskovic_1_363334660.jpg&amp;size=article_medium"}

Sandžak PRESS

Na razvalinama Jugoslavije, živimo u magarećem sistemu vrednosti

<blockquote class="wp-embedded-content" data-secret="dhmf1DbIYL"><a href="https://sandzakpress.net/arhiva/na-razvalinama-jugoslavije-zivimo-u-magarecem-sistemu-vrednosti/">Na razvalinama Jugoslavije, živimo u magarećem sistemu vrednosti</a></blockquote><iframe sandbox="allow-scripts" security="restricted" src="https://sandzakpress.net/arhiva/na-razvalinama-jugoslavije-zivimo-u-magarecem-sistemu-vrednosti/embed/#?secret=dhmf1DbIYL" width="600" height="338" title="&#8220;Na razvalinama Jugoslavije, živimo u magarećem sistemu vrednosti&#8221; &#8212; Sandžak PRESS" data-secret="dhmf1DbIYL" frameborder="0" marginwidth="0" marginheight="0" scrolling="no" class="wp-embedded-content"></iframe><script type="text/javascript">
/* <![CDATA[ */
/*! This file is auto-generated */
!function(d,l){"use strict";l.querySelector&&d.addEventListener&&"undefined"!=typeof URL&&(d.wp=d.wp||{},d.wp.receiveEmbedMessage||(d.wp.receiveEmbedMessage=function(e){var t=e.data;if((t||t.secret||t.message||t.value)&&!/[^a-zA-Z0-9]/.test(t.secret)){for(var s,r,n,a=l.querySelectorAll('iframe[data-secret="'+t.secret+'"]'),o=l.querySelectorAll('blockquote[data-secret="'+t.secret+'"]'),c=new RegExp("^https?:$","i"),i=0;i<o.length;i++)o[i].style.display="none";for(i=0;i<a.length;i++)s=a[i],e.source===s.contentWindow&&(s.removeAttribute("style"),"height"===t.message?(1e3<(r=parseInt(t.value,10))?r=1e3:~~r<200&&(r=200),s.height=r):"link"===t.message&&(r=new URL(s.getAttribute("src")),n=new URL(t.value),c.test(n.protocol))&&n.host===r.host&&l.activeElement===s&&(d.top.location.href=t.value))}},d.addEventListener("message",d.wp.receiveEmbedMessage,!1),l.addEventListener("DOMContentLoaded",function(){for(var e,t,s=l.querySelectorAll("iframe.wp-embedded-content"),r=0;r<s.length;r++)(t=(e=s[r]).getAttribute("data-secret"))||(t=Math.random().toString(36).substring(2,12),e.src+="#?secret="+t,e.setAttribute("data-secret",t)),e.contentWindow.postMessage({message:"ready",secret:t},"*")},!1)))}(window,document);
/* ]]> */
</script>

BiH, Srbija – „Želeo bih i da “Isusovi memoari” podstaknu trajno zbližavanje Bošnjaka i Srba. Mi smo dva stabla istog korena, iste pameti, i kad jeste i kad nije naopaka. Mi smo jedni drugima najpreči i najbliži.“- kaže Vuk Drašković, pisac i politčar, komentarišući svoj posljednji roman. U „Isusovim memoarima“ Drašković, kroz preživljavanje hromog fotoreportera [&hellip;]
