{"version":"1.0","provider_name":"Sand\u017eak PRESS","provider_url":"https:\/\/sandzakpress.net\/arhiva","author_name":"bosniak","author_url":"https:\/\/sandzakpress.net\/arhiva\/author\/bosniak\/","title":"\"Krenuli smo prema stvarnoj autonomiji!\"","type":"rich","width":600,"height":338,"html":"<blockquote class=\"wp-embedded-content\" data-secret=\"3TAsHq5HGI\"><a href=\"https:\/\/sandzakpress.net\/arhiva\/krenuli-smo-prema-stvarnoj-autonomiji\/\">&#8220;Krenuli smo prema stvarnoj autonomiji!&#8221;<\/a><\/blockquote><iframe sandbox=\"allow-scripts\" security=\"restricted\" src=\"https:\/\/sandzakpress.net\/arhiva\/krenuli-smo-prema-stvarnoj-autonomiji\/embed\/#?secret=3TAsHq5HGI\" width=\"600\" height=\"338\" title=\"&#8220;&#8220;Krenuli smo prema stvarnoj autonomiji!&#8221;&#8221; &#8212; Sand\u017eak PRESS\" data-secret=\"3TAsHq5HGI\" frameborder=\"0\" marginwidth=\"0\" marginheight=\"0\" scrolling=\"no\" class=\"wp-embedded-content\"><\/iframe><script type=\"text\/javascript\">\n\/* <![CDATA[ *\/\n\/*! This file is auto-generated *\/\n!function(d,l){\"use strict\";l.querySelector&&d.addEventListener&&\"undefined\"!=typeof URL&&(d.wp=d.wp||{},d.wp.receiveEmbedMessage||(d.wp.receiveEmbedMessage=function(e){var t=e.data;if((t||t.secret||t.message||t.value)&&!\/[^a-zA-Z0-9]\/.test(t.secret)){for(var s,r,n,a=l.querySelectorAll('iframe[data-secret=\"'+t.secret+'\"]'),o=l.querySelectorAll('blockquote[data-secret=\"'+t.secret+'\"]'),c=new RegExp(\"^https?:$\",\"i\"),i=0;i<o.length;i++)o[i].style.display=\"none\";for(i=0;i<a.length;i++)s=a[i],e.source===s.contentWindow&&(s.removeAttribute(\"style\"),\"height\"===t.message?(1e3<(r=parseInt(t.value,10))?r=1e3:~~r<200&&(r=200),s.height=r):\"link\"===t.message&&(r=new URL(s.getAttribute(\"src\")),n=new URL(t.value),c.test(n.protocol))&&n.host===r.host&&l.activeElement===s&&(d.top.location.href=t.value))}},d.addEventListener(\"message\",d.wp.receiveEmbedMessage,!1),l.addEventListener(\"DOMContentLoaded\",function(){for(var e,t,s=l.querySelectorAll(\"iframe.wp-embedded-content\"),r=0;r<s.length;r++)(t=(e=s[r]).getAttribute(\"data-secret\"))||(t=Math.random().toString(36).substring(2,12),e.src+=\"#?secret=\"+t,e.setAttribute(\"data-secret\",t)),e.contentWindow.postMessage({message:\"ready\",secret:t},\"*\")},!1)))}(window,document);\n\/* ]]> *\/\n<\/script>\n","thumbnail_url":"https:\/\/sandzakpress.net\/arhiva\/wp-content\/uploads\/2011\/09\/9532_152125006696_69393956696_3143230_4066097_n.jpg","thumbnail_width":250,"thumbnail_height":350,"description":"Nije isklju\u010deno da \u0107e vrh Srbije poduzeti mjere kao svojevremeno na Kosovu, ka\u017ee glavni muftija IZ u Srbiji Nakon posljednjeg talasa diskriminacije i represije nad Bo\u0161njacima u Srbiji, Sand\u017eak je definitivno krenuo putem autonomije. No, kako u intervjuu za &#8220;Dnevni avaz&#8221; govori glavni muftija Islamske zajednice (IZ) u Srbiji i generalni sekretar Bo\u0161nja\u010dke akademije nauka [&hellip;]"}

Sandžak PRESS

<blockquote class="wp-embedded-content" data-secret="3TAsHq5HGI"><a href="https://sandzakpress.net/arhiva/krenuli-smo-prema-stvarnoj-autonomiji/">&#8220;Krenuli smo prema stvarnoj autonomiji!&#8221;</a></blockquote><iframe sandbox="allow-scripts" security="restricted" src="https://sandzakpress.net/arhiva/krenuli-smo-prema-stvarnoj-autonomiji/embed/#?secret=3TAsHq5HGI" width="600" height="338" title="&#8220;&#8220;Krenuli smo prema stvarnoj autonomiji!&#8221;&#8221; &#8212; Sandžak PRESS" data-secret="3TAsHq5HGI" frameborder="0" marginwidth="0" marginheight="0" scrolling="no" class="wp-embedded-content"></iframe><script type="text/javascript">
/* <![CDATA[ */
/*! This file is auto-generated */
!function(d,l){"use strict";l.querySelector&&d.addEventListener&&"undefined"!=typeof URL&&(d.wp=d.wp||{},d.wp.receiveEmbedMessage||(d.wp.receiveEmbedMessage=function(e){var t=e.data;if((t||t.secret||t.message||t.value)&&!/[^a-zA-Z0-9]/.test(t.secret)){for(var s,r,n,a=l.querySelectorAll('iframe[data-secret="'+t.secret+'"]'),o=l.querySelectorAll('blockquote[data-secret="'+t.secret+'"]'),c=new RegExp("^https?:$","i"),i=0;i<o.length;i++)o[i].style.display="none";for(i=0;i<a.length;i++)s=a[i],e.source===s.contentWindow&&(s.removeAttribute("style"),"height"===t.message?(1e3<(r=parseInt(t.value,10))?r=1e3:~~r<200&&(r=200),s.height=r):"link"===t.message&&(r=new URL(s.getAttribute("src")),n=new URL(t.value),c.test(n.protocol))&&n.host===r.host&&l.activeElement===s&&(d.top.location.href=t.value))}},d.addEventListener("message",d.wp.receiveEmbedMessage,!1),l.addEventListener("DOMContentLoaded",function(){for(var e,t,s=l.querySelectorAll("iframe.wp-embedded-content"),r=0;r<s.length;r++)(t=(e=s[r]).getAttribute("data-secret"))||(t=Math.random().toString(36).substring(2,12),e.src+="#?secret="+t,e.setAttribute("data-secret",t)),e.contentWindow.postMessage({message:"ready",secret:t},"*")},!1)))}(window,document);
/* ]]> */
</script>

Nije isključeno da će vrh Srbije poduzeti mjere kao svojevremeno na Kosovu, kaže glavni muftija IZ u Srbiji Nakon posljednjeg talasa diskriminacije i represije nad Bošnjacima u Srbiji, Sandžak je definitivno krenuo putem autonomije. No, kako u intervjuu za &#8220;Dnevni avaz&#8221; govori glavni muftija Islamske zajednice (IZ) u Srbiji i generalni sekretar Bošnjačke akademije nauka [&hellip;]
