{"version":"1.0","provider_name":"Sand\u017eak PRESS","provider_url":"https:\/\/sandzakpress.net\/arhiva","author_name":"bosniak","author_url":"https:\/\/sandzakpress.net\/arhiva\/author\/bosniak\/","title":"Erdogan vs. Polat - Vo\u0111e demonstracija kod premjera","type":"rich","width":600,"height":338,"html":"<blockquote class=\"wp-embedded-content\" data-secret=\"eCkHgYSRSU\"><a href=\"https:\/\/sandzakpress.net\/arhiva\/erdogan-vs-polat-vode-demonstracija-kod-premjera\/\">Erdogan vs. Polat &#8211; Vo\u0111e demonstracija kod premjera<\/a><\/blockquote><iframe sandbox=\"allow-scripts\" security=\"restricted\" src=\"https:\/\/sandzakpress.net\/arhiva\/erdogan-vs-polat-vode-demonstracija-kod-premjera\/embed\/#?secret=eCkHgYSRSU\" width=\"600\" height=\"338\" title=\"&#8220;Erdogan vs. Polat &#8211; Vo\u0111e demonstracija kod premjera&#8221; &#8212; Sand\u017eak PRESS\" data-secret=\"eCkHgYSRSU\" frameborder=\"0\" marginwidth=\"0\" marginheight=\"0\" scrolling=\"no\" class=\"wp-embedded-content\"><\/iframe><script type=\"text\/javascript\">\n\/* <![CDATA[ *\/\n\/*! This file is auto-generated *\/\n!function(d,l){\"use strict\";l.querySelector&&d.addEventListener&&\"undefined\"!=typeof URL&&(d.wp=d.wp||{},d.wp.receiveEmbedMessage||(d.wp.receiveEmbedMessage=function(e){var t=e.data;if((t||t.secret||t.message||t.value)&&!\/[^a-zA-Z0-9]\/.test(t.secret)){for(var s,r,n,a=l.querySelectorAll('iframe[data-secret=\"'+t.secret+'\"]'),o=l.querySelectorAll('blockquote[data-secret=\"'+t.secret+'\"]'),c=new RegExp(\"^https?:$\",\"i\"),i=0;i<o.length;i++)o[i].style.display=\"none\";for(i=0;i<a.length;i++)s=a[i],e.source===s.contentWindow&&(s.removeAttribute(\"style\"),\"height\"===t.message?(1e3<(r=parseInt(t.value,10))?r=1e3:~~r<200&&(r=200),s.height=r):\"link\"===t.message&&(r=new URL(s.getAttribute(\"src\")),n=new URL(t.value),c.test(n.protocol))&&n.host===r.host&&l.activeElement===s&&(d.top.location.href=t.value))}},d.addEventListener(\"message\",d.wp.receiveEmbedMessage,!1),l.addEventListener(\"DOMContentLoaded\",function(){for(var e,t,s=l.querySelectorAll(\"iframe.wp-embedded-content\"),r=0;r<s.length;r++)(t=(e=s[r]).getAttribute(\"data-secret\"))||(t=Math.random().toString(36).substring(2,12),e.src+=\"#?secret=\"+t,e.setAttribute(\"data-secret\",t)),e.contentWindow.postMessage({message:\"ready\",secret:t},\"*\")},!1)))}(window,document);\n\/* ]]> *\/\n<\/script>\n","thumbnail_url":"https:\/\/sandzakpress.net\/arhiva\/wp-content\/uploads\/2013\/06\/120626TurkeyErdogan_63480671.jpg","thumbnail_width":"696","thumbnail_height":"360","description":"Turska &#8211; Premijer Turske Recep Tayyip primit \u0107e danas u Ankari delegaciju od 20 predstavnika demonstranata i umjetnike poput Hasana Kacana, Gokhana Ozoguza i Necatija Sasmaza, koji u poznatoj televizijskoj seriji Dolina vukova tuma\u010di lik Polata Alemdara. Erdogan \u0107e najprije odr\u017eati sastanak sa predstavnicima vi\u0161e tijela Stranke pravde i razvoja (AK Parti), zatim \u0107e primiti [&hellip;]"}

Sandžak PRESS

Erdogan vs. Polat - Vođe demonstracija kod premjera

<blockquote class="wp-embedded-content" data-secret="eCkHgYSRSU"><a href="https://sandzakpress.net/arhiva/erdogan-vs-polat-vode-demonstracija-kod-premjera/">Erdogan vs. Polat &#8211; Vođe demonstracija kod premjera</a></blockquote><iframe sandbox="allow-scripts" security="restricted" src="https://sandzakpress.net/arhiva/erdogan-vs-polat-vode-demonstracija-kod-premjera/embed/#?secret=eCkHgYSRSU" width="600" height="338" title="&#8220;Erdogan vs. Polat &#8211; Vođe demonstracija kod premjera&#8221; &#8212; Sandžak PRESS" data-secret="eCkHgYSRSU" frameborder="0" marginwidth="0" marginheight="0" scrolling="no" class="wp-embedded-content"></iframe><script type="text/javascript">
/* <![CDATA[ */
/*! This file is auto-generated */
!function(d,l){"use strict";l.querySelector&&d.addEventListener&&"undefined"!=typeof URL&&(d.wp=d.wp||{},d.wp.receiveEmbedMessage||(d.wp.receiveEmbedMessage=function(e){var t=e.data;if((t||t.secret||t.message||t.value)&&!/[^a-zA-Z0-9]/.test(t.secret)){for(var s,r,n,a=l.querySelectorAll('iframe[data-secret="'+t.secret+'"]'),o=l.querySelectorAll('blockquote[data-secret="'+t.secret+'"]'),c=new RegExp("^https?:$","i"),i=0;i<o.length;i++)o[i].style.display="none";for(i=0;i<a.length;i++)s=a[i],e.source===s.contentWindow&&(s.removeAttribute("style"),"height"===t.message?(1e3<(r=parseInt(t.value,10))?r=1e3:~~r<200&&(r=200),s.height=r):"link"===t.message&&(r=new URL(s.getAttribute("src")),n=new URL(t.value),c.test(n.protocol))&&n.host===r.host&&l.activeElement===s&&(d.top.location.href=t.value))}},d.addEventListener("message",d.wp.receiveEmbedMessage,!1),l.addEventListener("DOMContentLoaded",function(){for(var e,t,s=l.querySelectorAll("iframe.wp-embedded-content"),r=0;r<s.length;r++)(t=(e=s[r]).getAttribute("data-secret"))||(t=Math.random().toString(36).substring(2,12),e.src+="#?secret="+t,e.setAttribute("data-secret",t)),e.contentWindow.postMessage({message:"ready",secret:t},"*")},!1)))}(window,document);
/* ]]> */
</script>

Turska &#8211; Premijer Turske Recep Tayyip primit će danas u Ankari delegaciju od 20 predstavnika demonstranata i umjetnike poput Hasana Kacana, Gokhana Ozoguza i Necatija Sasmaza, koji u poznatoj televizijskoj seriji Dolina vukova tumači lik Polata Alemdara. Erdogan će najprije održati sastanak sa predstavnicima više tijela Stranke pravde i razvoja (AK Parti), zatim će primiti [&hellip;]
