{"version":"1.0","provider_name":"Sand\u017eak PRESS","provider_url":"https:\/\/sandzakpress.net\/arhiva","author_name":"bosniak","author_url":"https:\/\/sandzakpress.net\/arhiva\/author\/bosniak\/","title":"Dva dana za poeziju i horsko pevanje","type":"rich","width":600,"height":338,"html":"<blockquote class=\"wp-embedded-content\" data-secret=\"A8F39LpA9I\"><a href=\"https:\/\/sandzakpress.net\/arhiva\/dva-dana-za-poeziju-i-horsko-pevanje\/\">Dva dana za poeziju i horsko pevanje<\/a><\/blockquote><iframe sandbox=\"allow-scripts\" security=\"restricted\" src=\"https:\/\/sandzakpress.net\/arhiva\/dva-dana-za-poeziju-i-horsko-pevanje\/embed\/#?secret=A8F39LpA9I\" width=\"600\" height=\"338\" title=\"&#8220;Dva dana za poeziju i horsko pevanje&#8221; &#8212; Sand\u017eak PRESS\" data-secret=\"A8F39LpA9I\" frameborder=\"0\" marginwidth=\"0\" marginheight=\"0\" scrolling=\"no\" class=\"wp-embedded-content\"><\/iframe><script type=\"text\/javascript\">\n\/* <![CDATA[ *\/\n\/*! This file is auto-generated *\/\n!function(d,l){\"use strict\";l.querySelector&&d.addEventListener&&\"undefined\"!=typeof URL&&(d.wp=d.wp||{},d.wp.receiveEmbedMessage||(d.wp.receiveEmbedMessage=function(e){var t=e.data;if((t||t.secret||t.message||t.value)&&!\/[^a-zA-Z0-9]\/.test(t.secret)){for(var s,r,n,a=l.querySelectorAll('iframe[data-secret=\"'+t.secret+'\"]'),o=l.querySelectorAll('blockquote[data-secret=\"'+t.secret+'\"]'),c=new RegExp(\"^https?:$\",\"i\"),i=0;i<o.length;i++)o[i].style.display=\"none\";for(i=0;i<a.length;i++)s=a[i],e.source===s.contentWindow&&(s.removeAttribute(\"style\"),\"height\"===t.message?(1e3<(r=parseInt(t.value,10))?r=1e3:~~r<200&&(r=200),s.height=r):\"link\"===t.message&&(r=new URL(s.getAttribute(\"src\")),n=new URL(t.value),c.test(n.protocol))&&n.host===r.host&&l.activeElement===s&&(d.top.location.href=t.value))}},d.addEventListener(\"message\",d.wp.receiveEmbedMessage,!1),l.addEventListener(\"DOMContentLoaded\",function(){for(var e,t,s=l.querySelectorAll(\"iframe.wp-embedded-content\"),r=0;r<s.length;r++)(t=(e=s[r]).getAttribute(\"data-secret\"))||(t=Math.random().toString(36).substring(2,12),e.src+=\"#?secret=\"+t,e.setAttribute(\"data-secret\",t)),e.contentWindow.postMessage({message:\"ready\",secret:t},\"*\")},!1)))}(window,document);\n\/* ]]> *\/\n<\/script>\n","thumbnail_url":"https:\/\/sandzakpress.net\/arhiva\/wp-content\/uploads\/2010\/05\/Ismet_Rebronja_big.jpg","thumbnail_width":197,"thumbnail_height":188,"description":"Novi Pazar &#8211; Promocijom Zbornika radova sa Okruglog stola o stvarala\u0161tvu Ismeta Rebronje ve\u010deras \u00a0po\u010dinju Novopazarski dani poezije. O djelu knji\u017eevnika i novinara Ismeta Rebronje govorit \u0107e Du\u0161ko Novakovi\u0107 i Sead \u0160emsovi\u0107. Novopazarski dani poezije zavr\u0161it \u0107e se sutra\u0161njom pjesni\u010dkom ve\u010deri, kada \u0107e svoje stihove govoriti desetak knji\u017eevnika iz Srbije, Hrvatske, Bosne i Hercegovine i [&hellip;]"}

Sandžak PRESS

<blockquote class="wp-embedded-content" data-secret="A8F39LpA9I"><a href="https://sandzakpress.net/arhiva/dva-dana-za-poeziju-i-horsko-pevanje/">Dva dana za poeziju i horsko pevanje</a></blockquote><iframe sandbox="allow-scripts" security="restricted" src="https://sandzakpress.net/arhiva/dva-dana-za-poeziju-i-horsko-pevanje/embed/#?secret=A8F39LpA9I" width="600" height="338" title="&#8220;Dva dana za poeziju i horsko pevanje&#8221; &#8212; Sandžak PRESS" data-secret="A8F39LpA9I" frameborder="0" marginwidth="0" marginheight="0" scrolling="no" class="wp-embedded-content"></iframe><script type="text/javascript">
/* <![CDATA[ */
/*! This file is auto-generated */
!function(d,l){"use strict";l.querySelector&&d.addEventListener&&"undefined"!=typeof URL&&(d.wp=d.wp||{},d.wp.receiveEmbedMessage||(d.wp.receiveEmbedMessage=function(e){var t=e.data;if((t||t.secret||t.message||t.value)&&!/[^a-zA-Z0-9]/.test(t.secret)){for(var s,r,n,a=l.querySelectorAll('iframe[data-secret="'+t.secret+'"]'),o=l.querySelectorAll('blockquote[data-secret="'+t.secret+'"]'),c=new RegExp("^https?:$","i"),i=0;i<o.length;i++)o[i].style.display="none";for(i=0;i<a.length;i++)s=a[i],e.source===s.contentWindow&&(s.removeAttribute("style"),"height"===t.message?(1e3<(r=parseInt(t.value,10))?r=1e3:~~r<200&&(r=200),s.height=r):"link"===t.message&&(r=new URL(s.getAttribute("src")),n=new URL(t.value),c.test(n.protocol))&&n.host===r.host&&l.activeElement===s&&(d.top.location.href=t.value))}},d.addEventListener("message",d.wp.receiveEmbedMessage,!1),l.addEventListener("DOMContentLoaded",function(){for(var e,t,s=l.querySelectorAll("iframe.wp-embedded-content"),r=0;r<s.length;r++)(t=(e=s[r]).getAttribute("data-secret"))||(t=Math.random().toString(36).substring(2,12),e.src+="#?secret="+t,e.setAttribute("data-secret",t)),e.contentWindow.postMessage({message:"ready",secret:t},"*")},!1)))}(window,document);
/* ]]> */
</script>

Novi Pazar &#8211; Promocijom Zbornika radova sa Okruglog stola o stvaralaštvu Ismeta Rebronje večeras  počinju Novopazarski dani poezije. O djelu književnika i novinara Ismeta Rebronje govorit će Duško Novaković i Sead Šemsović. Novopazarski dani poezije završit će se sutrašnjom pjesničkom večeri, kada će svoje stihove govoriti desetak književnika iz Srbije, Hrvatske, Bosne i Hercegovine i [&hellip;]
