{"version":"1.0","provider_name":"Sand\u017eak PRESS","provider_url":"https:\/\/sandzakpress.net\/arhiva","author_name":"Agencija","author_url":"https:\/\/sandzakpress.net\/arhiva\/author\/agencija\/","title":"Direktor vakufske direkcije u posjeti d\u017eematima u Njema\u010dkoj","type":"rich","width":600,"height":338,"html":"<blockquote class=\"wp-embedded-content\" data-secret=\"bgfrIylzf9\"><a href=\"https:\/\/sandzakpress.net\/arhiva\/direktor-vakufske-direkcije-u-posjeti-dzematima-u-njemackoj\/\">Direktor vakufske direkcije u posjeti d\u017eematima u Njema\u010dkoj<\/a><\/blockquote><iframe sandbox=\"allow-scripts\" security=\"restricted\" src=\"https:\/\/sandzakpress.net\/arhiva\/direktor-vakufske-direkcije-u-posjeti-dzematima-u-njemackoj\/embed\/#?secret=bgfrIylzf9\" width=\"600\" height=\"338\" title=\"&#8220;Direktor vakufske direkcije u posjeti d\u017eematima u Njema\u010dkoj&#8221; &#8212; Sand\u017eak PRESS\" data-secret=\"bgfrIylzf9\" frameborder=\"0\" marginwidth=\"0\" marginheight=\"0\" scrolling=\"no\" class=\"wp-embedded-content\"><\/iframe><script type=\"text\/javascript\">\n\/* <![CDATA[ *\/\n\/*! This file is auto-generated *\/\n!function(d,l){\"use strict\";l.querySelector&&d.addEventListener&&\"undefined\"!=typeof URL&&(d.wp=d.wp||{},d.wp.receiveEmbedMessage||(d.wp.receiveEmbedMessage=function(e){var t=e.data;if((t||t.secret||t.message||t.value)&&!\/[^a-zA-Z0-9]\/.test(t.secret)){for(var s,r,n,a=l.querySelectorAll('iframe[data-secret=\"'+t.secret+'\"]'),o=l.querySelectorAll('blockquote[data-secret=\"'+t.secret+'\"]'),c=new RegExp(\"^https?:$\",\"i\"),i=0;i<o.length;i++)o[i].style.display=\"none\";for(i=0;i<a.length;i++)s=a[i],e.source===s.contentWindow&&(s.removeAttribute(\"style\"),\"height\"===t.message?(1e3<(r=parseInt(t.value,10))?r=1e3:~~r<200&&(r=200),s.height=r):\"link\"===t.message&&(r=new URL(s.getAttribute(\"src\")),n=new URL(t.value),c.test(n.protocol))&&n.host===r.host&&l.activeElement===s&&(d.top.location.href=t.value))}},d.addEventListener(\"message\",d.wp.receiveEmbedMessage,!1),l.addEventListener(\"DOMContentLoaded\",function(){for(var e,t,s=l.querySelectorAll(\"iframe.wp-embedded-content\"),r=0;r<s.length;r++)(t=(e=s[r]).getAttribute(\"data-secret\"))||(t=Math.random().toString(36).substring(2,12),e.src+=\"#?secret=\"+t,e.setAttribute(\"data-secret\",t)),e.contentWindow.postMessage({message:\"ready\",secret:t},\"*\")},!1)))}(window,document);\n\/* ]]> *\/\n<\/script>\n","thumbnail_url":"https:\/\/sandzakpress.net\/arhiva\/wp-content\/uploads\/2015\/12\/0a6f9e51ca16c5f1fc9b6028f6b8b787705782b10acd557aa042dcda37a9f4f4.jpg","thumbnail_width":1280,"thumbnail_height":851,"description":"Novi Pazar, Njema\u010dka &#8211; Od 4. decembra 2015. godine direktor Vakufske direkcije Admir ef. Doljanac boravi u vi\u0161ednevnoj posjeti d\u017eematima u Njema\u010dkoj. Svoju posjetu otpo\u010deo odr\u017eav\u0161i hutbu u Offenbahu, u d\u017eematu Sand\u017eak i govorio na temu va\u017enosti vakufa. Govorio je o tome da vakufi predstavljaju temelj na\u0161eg opstanka i tako\u0111er govorio da Bo\u0161njaci danas trebaju [&hellip;]"}

Sandžak PRESS

Direktor vakufske direkcije u posjeti džematima u Njemačkoj

<blockquote class="wp-embedded-content" data-secret="bgfrIylzf9"><a href="https://sandzakpress.net/arhiva/direktor-vakufske-direkcije-u-posjeti-dzematima-u-njemackoj/">Direktor vakufske direkcije u posjeti džematima u Njemačkoj</a></blockquote><iframe sandbox="allow-scripts" security="restricted" src="https://sandzakpress.net/arhiva/direktor-vakufske-direkcije-u-posjeti-dzematima-u-njemackoj/embed/#?secret=bgfrIylzf9" width="600" height="338" title="&#8220;Direktor vakufske direkcije u posjeti džematima u Njemačkoj&#8221; &#8212; Sandžak PRESS" data-secret="bgfrIylzf9" frameborder="0" marginwidth="0" marginheight="0" scrolling="no" class="wp-embedded-content"></iframe><script type="text/javascript">
/* <![CDATA[ */
/*! This file is auto-generated */
!function(d,l){"use strict";l.querySelector&&d.addEventListener&&"undefined"!=typeof URL&&(d.wp=d.wp||{},d.wp.receiveEmbedMessage||(d.wp.receiveEmbedMessage=function(e){var t=e.data;if((t||t.secret||t.message||t.value)&&!/[^a-zA-Z0-9]/.test(t.secret)){for(var s,r,n,a=l.querySelectorAll('iframe[data-secret="'+t.secret+'"]'),o=l.querySelectorAll('blockquote[data-secret="'+t.secret+'"]'),c=new RegExp("^https?:$","i"),i=0;i<o.length;i++)o[i].style.display="none";for(i=0;i<a.length;i++)s=a[i],e.source===s.contentWindow&&(s.removeAttribute("style"),"height"===t.message?(1e3<(r=parseInt(t.value,10))?r=1e3:~~r<200&&(r=200),s.height=r):"link"===t.message&&(r=new URL(s.getAttribute("src")),n=new URL(t.value),c.test(n.protocol))&&n.host===r.host&&l.activeElement===s&&(d.top.location.href=t.value))}},d.addEventListener("message",d.wp.receiveEmbedMessage,!1),l.addEventListener("DOMContentLoaded",function(){for(var e,t,s=l.querySelectorAll("iframe.wp-embedded-content"),r=0;r<s.length;r++)(t=(e=s[r]).getAttribute("data-secret"))||(t=Math.random().toString(36).substring(2,12),e.src+="#?secret="+t,e.setAttribute("data-secret",t)),e.contentWindow.postMessage({message:"ready",secret:t},"*")},!1)))}(window,document);
/* ]]> */
</script>

Novi Pazar, Njemačka &#8211; Od 4. decembra 2015. godine direktor Vakufske direkcije Admir ef. Doljanac boravi u višednevnoj posjeti džematima u Njemačkoj. Svoju posjetu otpočeo održavši hutbu u Offenbahu, u džematu Sandžak i govorio na temu važnosti vakufa. Govorio je o tome da vakufi predstavljaju temelj našeg opstanka i također govorio da Bošnjaci danas trebaju [&hellip;]
