{"version":"1.0","provider_name":"Sand\u017eak PRESS","provider_url":"https:\/\/sandzakpress.net\/arhiva","author_name":"bosniak","author_url":"https:\/\/sandzakpress.net\/arhiva\/author\/bosniak\/","title":"Delegacija IUNP prisustvovala u Austriji","type":"rich","width":600,"height":338,"html":"<blockquote class=\"wp-embedded-content\" data-secret=\"sBqCZKlF0X\"><a href=\"https:\/\/sandzakpress.net\/arhiva\/delegacija-iunp-prisustvovala-u-austriji\/\">Delegacija IUNP prisustvovala u Austriji<\/a><\/blockquote><iframe sandbox=\"allow-scripts\" security=\"restricted\" src=\"https:\/\/sandzakpress.net\/arhiva\/delegacija-iunp-prisustvovala-u-austriji\/embed\/#?secret=sBqCZKlF0X\" width=\"600\" height=\"338\" title=\"&#8220;Delegacija IUNP prisustvovala u Austriji&#8221; &#8212; Sand\u017eak PRESS\" data-secret=\"sBqCZKlF0X\" frameborder=\"0\" marginwidth=\"0\" marginheight=\"0\" scrolling=\"no\" class=\"wp-embedded-content\"><\/iframe><script type=\"text\/javascript\">\n\/* <![CDATA[ *\/\n\/*! This file is auto-generated *\/\n!function(d,l){\"use strict\";l.querySelector&&d.addEventListener&&\"undefined\"!=typeof URL&&(d.wp=d.wp||{},d.wp.receiveEmbedMessage||(d.wp.receiveEmbedMessage=function(e){var t=e.data;if((t||t.secret||t.message||t.value)&&!\/[^a-zA-Z0-9]\/.test(t.secret)){for(var s,r,n,a=l.querySelectorAll('iframe[data-secret=\"'+t.secret+'\"]'),o=l.querySelectorAll('blockquote[data-secret=\"'+t.secret+'\"]'),c=new RegExp(\"^https?:$\",\"i\"),i=0;i<o.length;i++)o[i].style.display=\"none\";for(i=0;i<a.length;i++)s=a[i],e.source===s.contentWindow&&(s.removeAttribute(\"style\"),\"height\"===t.message?(1e3<(r=parseInt(t.value,10))?r=1e3:~~r<200&&(r=200),s.height=r):\"link\"===t.message&&(r=new URL(s.getAttribute(\"src\")),n=new URL(t.value),c.test(n.protocol))&&n.host===r.host&&l.activeElement===s&&(d.top.location.href=t.value))}},d.addEventListener(\"message\",d.wp.receiveEmbedMessage,!1),l.addEventListener(\"DOMContentLoaded\",function(){for(var e,t,s=l.querySelectorAll(\"iframe.wp-embedded-content\"),r=0;r<s.length;r++)(t=(e=s[r]).getAttribute(\"data-secret\"))||(t=Math.random().toString(36).substring(2,12),e.src+=\"#?secret=\"+t,e.setAttribute(\"data-secret\",t)),e.contentWindow.postMessage({message:\"ready\",secret:t},\"*\")},!1)))}(window,document);\n\/* ]]> *\/\n<\/script>\n","thumbnail_url":"https:\/\/sandzakpress.net\/arhiva\/wp-content\/uploads\/2010\/03\/austrija1.jpg","thumbnail_width":423,"thumbnail_height":296,"description":"Novi Pazar- U organizaciji islamske zajednice u Austriji u periodu od 26. do 28. februara 2010. godine odr\u017ean je trodnevni seminar za bo\u0161nja\u010dke imame i vjerou\u010ditelje. Seminar je odr\u017ean u gradu Tartnanu u blizini Graca. Na seminaru su u\u010destvovali predsjednik islamske zajednice u Austriji, Enes \u0160akve, predsjednik islamske zajednice Bo\u0161njaka u Austriji, imami, vjerou\u010ditelji i [&hellip;]"}

Sandžak PRESS

<blockquote class="wp-embedded-content" data-secret="sBqCZKlF0X"><a href="https://sandzakpress.net/arhiva/delegacija-iunp-prisustvovala-u-austriji/">Delegacija IUNP prisustvovala u Austriji</a></blockquote><iframe sandbox="allow-scripts" security="restricted" src="https://sandzakpress.net/arhiva/delegacija-iunp-prisustvovala-u-austriji/embed/#?secret=sBqCZKlF0X" width="600" height="338" title="&#8220;Delegacija IUNP prisustvovala u Austriji&#8221; &#8212; Sandžak PRESS" data-secret="sBqCZKlF0X" frameborder="0" marginwidth="0" marginheight="0" scrolling="no" class="wp-embedded-content"></iframe><script type="text/javascript">
/* <![CDATA[ */
/*! This file is auto-generated */
!function(d,l){"use strict";l.querySelector&&d.addEventListener&&"undefined"!=typeof URL&&(d.wp=d.wp||{},d.wp.receiveEmbedMessage||(d.wp.receiveEmbedMessage=function(e){var t=e.data;if((t||t.secret||t.message||t.value)&&!/[^a-zA-Z0-9]/.test(t.secret)){for(var s,r,n,a=l.querySelectorAll('iframe[data-secret="'+t.secret+'"]'),o=l.querySelectorAll('blockquote[data-secret="'+t.secret+'"]'),c=new RegExp("^https?:$","i"),i=0;i<o.length;i++)o[i].style.display="none";for(i=0;i<a.length;i++)s=a[i],e.source===s.contentWindow&&(s.removeAttribute("style"),"height"===t.message?(1e3<(r=parseInt(t.value,10))?r=1e3:~~r<200&&(r=200),s.height=r):"link"===t.message&&(r=new URL(s.getAttribute("src")),n=new URL(t.value),c.test(n.protocol))&&n.host===r.host&&l.activeElement===s&&(d.top.location.href=t.value))}},d.addEventListener("message",d.wp.receiveEmbedMessage,!1),l.addEventListener("DOMContentLoaded",function(){for(var e,t,s=l.querySelectorAll("iframe.wp-embedded-content"),r=0;r<s.length;r++)(t=(e=s[r]).getAttribute("data-secret"))||(t=Math.random().toString(36).substring(2,12),e.src+="#?secret="+t,e.setAttribute("data-secret",t)),e.contentWindow.postMessage({message:"ready",secret:t},"*")},!1)))}(window,document);
/* ]]> */
</script>

Novi Pazar- U organizaciji islamske zajednice u Austriji u periodu od 26. do 28. februara 2010. godine održan je trodnevni seminar za bošnjačke imame i vjeroučitelje. Seminar je održan u gradu Tartnanu u blizini Graca. Na seminaru su učestvovali predsjednik islamske zajednice u Austriji, Enes Šakve, predsjednik islamske zajednice Bošnjaka u Austriji, imami, vjeroučitelji i [&hellip;]
