{"version":"1.0","provider_name":"Sand\u017eak PRESS","provider_url":"https:\/\/sandzakpress.net\/arhiva","author_name":"Sand\u017eak PRESS","author_url":"https:\/\/sandzakpress.net\/arhiva","title":"Austrijski ambasador u Pakistanu pre\u0161ao na Islam","type":"rich","width":600,"height":338,"html":"<blockquote class=\"wp-embedded-content\" data-secret=\"kPTpuIeLNq\"><a href=\"https:\/\/sandzakpress.net\/arhiva\/austrijski-ambasador-u-pakistanu-presao-na-islam\/\">Austrijski ambasador u Pakistanu pre\u0161ao na Islam<\/a><\/blockquote><iframe sandbox=\"allow-scripts\" security=\"restricted\" src=\"https:\/\/sandzakpress.net\/arhiva\/austrijski-ambasador-u-pakistanu-presao-na-islam\/embed\/#?secret=kPTpuIeLNq\" width=\"600\" height=\"338\" title=\"&#8220;Austrijski ambasador u Pakistanu pre\u0161ao na Islam&#8221; &#8212; Sand\u017eak PRESS\" data-secret=\"kPTpuIeLNq\" frameborder=\"0\" marginwidth=\"0\" marginheight=\"0\" scrolling=\"no\" class=\"wp-embedded-content\"><\/iframe><script type=\"text\/javascript\">\n\/* <![CDATA[ *\/\n\/*! This file is auto-generated *\/\n!function(d,l){\"use strict\";l.querySelector&&d.addEventListener&&\"undefined\"!=typeof URL&&(d.wp=d.wp||{},d.wp.receiveEmbedMessage||(d.wp.receiveEmbedMessage=function(e){var t=e.data;if((t||t.secret||t.message||t.value)&&!\/[^a-zA-Z0-9]\/.test(t.secret)){for(var s,r,n,a=l.querySelectorAll('iframe[data-secret=\"'+t.secret+'\"]'),o=l.querySelectorAll('blockquote[data-secret=\"'+t.secret+'\"]'),c=new RegExp(\"^https?:$\",\"i\"),i=0;i<o.length;i++)o[i].style.display=\"none\";for(i=0;i<a.length;i++)s=a[i],e.source===s.contentWindow&&(s.removeAttribute(\"style\"),\"height\"===t.message?(1e3<(r=parseInt(t.value,10))?r=1e3:~~r<200&&(r=200),s.height=r):\"link\"===t.message&&(r=new URL(s.getAttribute(\"src\")),n=new URL(t.value),c.test(n.protocol))&&n.host===r.host&&l.activeElement===s&&(d.top.location.href=t.value))}},d.addEventListener(\"message\",d.wp.receiveEmbedMessage,!1),l.addEventListener(\"DOMContentLoaded\",function(){for(var e,t,s=l.querySelectorAll(\"iframe.wp-embedded-content\"),r=0;r<s.length;r++)(t=(e=s[r]).getAttribute(\"data-secret\"))||(t=Math.random().toString(36).substring(2,12),e.src+=\"#?secret=\"+t,e.setAttribute(\"data-secret\",t)),e.contentWindow.postMessage({message:\"ready\",secret:t},\"*\")},!1)))}(window,document);\n\/* ]]> *\/\n<\/script>\n","thumbnail_url":"https:\/\/sandzakpress.net\/arhiva\/wp-content\/uploads\/2013\/02\/axel-islam-1.jpg","thumbnail_width":259,"thumbnail_height":194,"description":"Austrija &#8211; Austrijski ambasador u Pakistanu Axel Wech je pre\u0161ao na islam, objavljeno na Facebook stranici Pakistan Media Watch. Pakistan Media Watch pozivaju\u0107i se na izvore navodi da se austrijski ambasador vjen\u010dao sa Sadiom Afzaal, voditeljicom dr\u017eavne televizije, i njegova odluka da prije\u0111e na islam do\u0161la je neposredno prije njihovog braka. Izvori navode i da [&hellip;]"}

Sandžak PRESS

Austrijski ambasador u Pakistanu prešao na Islam

<blockquote class="wp-embedded-content" data-secret="kPTpuIeLNq"><a href="https://sandzakpress.net/arhiva/austrijski-ambasador-u-pakistanu-presao-na-islam/">Austrijski ambasador u Pakistanu prešao na Islam</a></blockquote><iframe sandbox="allow-scripts" security="restricted" src="https://sandzakpress.net/arhiva/austrijski-ambasador-u-pakistanu-presao-na-islam/embed/#?secret=kPTpuIeLNq" width="600" height="338" title="&#8220;Austrijski ambasador u Pakistanu prešao na Islam&#8221; &#8212; Sandžak PRESS" data-secret="kPTpuIeLNq" frameborder="0" marginwidth="0" marginheight="0" scrolling="no" class="wp-embedded-content"></iframe><script type="text/javascript">
/* <![CDATA[ */
/*! This file is auto-generated */
!function(d,l){"use strict";l.querySelector&&d.addEventListener&&"undefined"!=typeof URL&&(d.wp=d.wp||{},d.wp.receiveEmbedMessage||(d.wp.receiveEmbedMessage=function(e){var t=e.data;if((t||t.secret||t.message||t.value)&&!/[^a-zA-Z0-9]/.test(t.secret)){for(var s,r,n,a=l.querySelectorAll('iframe[data-secret="'+t.secret+'"]'),o=l.querySelectorAll('blockquote[data-secret="'+t.secret+'"]'),c=new RegExp("^https?:$","i"),i=0;i<o.length;i++)o[i].style.display="none";for(i=0;i<a.length;i++)s=a[i],e.source===s.contentWindow&&(s.removeAttribute("style"),"height"===t.message?(1e3<(r=parseInt(t.value,10))?r=1e3:~~r<200&&(r=200),s.height=r):"link"===t.message&&(r=new URL(s.getAttribute("src")),n=new URL(t.value),c.test(n.protocol))&&n.host===r.host&&l.activeElement===s&&(d.top.location.href=t.value))}},d.addEventListener("message",d.wp.receiveEmbedMessage,!1),l.addEventListener("DOMContentLoaded",function(){for(var e,t,s=l.querySelectorAll("iframe.wp-embedded-content"),r=0;r<s.length;r++)(t=(e=s[r]).getAttribute("data-secret"))||(t=Math.random().toString(36).substring(2,12),e.src+="#?secret="+t,e.setAttribute("data-secret",t)),e.contentWindow.postMessage({message:"ready",secret:t},"*")},!1)))}(window,document);
/* ]]> */
</script>

Austrija &#8211; Austrijski ambasador u Pakistanu Axel Wech je prešao na islam, objavljeno na Facebook stranici Pakistan Media Watch. Pakistan Media Watch pozivajući se na izvore navodi da se austrijski ambasador vjenčao sa Sadiom Afzaal, voditeljicom državne televizije, i njegova odluka da prijeđe na islam došla je neposredno prije njihovog braka. Izvori navode i da [&hellip;]
