{"version":"1.0","provider_name":"Sand\u017eak PRESS","provider_url":"https:\/\/sandzakpress.net\/arhiva","author_name":"bosniak","author_url":"https:\/\/sandzakpress.net\/arhiva\/author\/bosniak\/","title":"Amel Sejfovi\u0107 pobjegao iz sarajevskog zatvora","type":"rich","width":600,"height":338,"html":"<blockquote class=\"wp-embedded-content\" data-secret=\"tkMI45ZvXz\"><a href=\"https:\/\/sandzakpress.net\/arhiva\/amel-sejfovic-pobjegao-iz-sarajevskog-zatvora\/\">Amel Sejfovi\u0107 pobjegao iz sarajevskog zatvora<\/a><\/blockquote><iframe sandbox=\"allow-scripts\" security=\"restricted\" src=\"https:\/\/sandzakpress.net\/arhiva\/amel-sejfovic-pobjegao-iz-sarajevskog-zatvora\/embed\/#?secret=tkMI45ZvXz\" width=\"600\" height=\"338\" title=\"&#8220;Amel Sejfovi\u0107 pobjegao iz sarajevskog zatvora&#8221; &#8212; Sand\u017eak PRESS\" data-secret=\"tkMI45ZvXz\" frameborder=\"0\" marginwidth=\"0\" marginheight=\"0\" scrolling=\"no\" class=\"wp-embedded-content\"><\/iframe><script type=\"text\/javascript\">\n\/* <![CDATA[ *\/\n\/*! This file is auto-generated *\/\n!function(d,l){\"use strict\";l.querySelector&&d.addEventListener&&\"undefined\"!=typeof URL&&(d.wp=d.wp||{},d.wp.receiveEmbedMessage||(d.wp.receiveEmbedMessage=function(e){var t=e.data;if((t||t.secret||t.message||t.value)&&!\/[^a-zA-Z0-9]\/.test(t.secret)){for(var s,r,n,a=l.querySelectorAll('iframe[data-secret=\"'+t.secret+'\"]'),o=l.querySelectorAll('blockquote[data-secret=\"'+t.secret+'\"]'),c=new RegExp(\"^https?:$\",\"i\"),i=0;i<o.length;i++)o[i].style.display=\"none\";for(i=0;i<a.length;i++)s=a[i],e.source===s.contentWindow&&(s.removeAttribute(\"style\"),\"height\"===t.message?(1e3<(r=parseInt(t.value,10))?r=1e3:~~r<200&&(r=200),s.height=r):\"link\"===t.message&&(r=new URL(s.getAttribute(\"src\")),n=new URL(t.value),c.test(n.protocol))&&n.host===r.host&&l.activeElement===s&&(d.top.location.href=t.value))}},d.addEventListener(\"message\",d.wp.receiveEmbedMessage,!1),l.addEventListener(\"DOMContentLoaded\",function(){for(var e,t,s=l.querySelectorAll(\"iframe.wp-embedded-content\"),r=0;r<s.length;r++)(t=(e=s[r]).getAttribute(\"data-secret\"))||(t=Math.random().toString(36).substring(2,12),e.src+=\"#?secret=\"+t,e.setAttribute(\"data-secret\",t)),e.contentWindow.postMessage({message:\"ready\",secret:t},\"*\")},!1)))}(window,document);\n\/* ]]> *\/\n<\/script>\n","thumbnail_url":"https:\/\/sandzakpress.net\/arhiva\/wp-content\/uploads\/2017\/09\/blank.png","thumbnail_width":1,"thumbnail_height":1,"description":"Iz sarajevske policije nam nisu potvrdili, ali ni demantovali ovu vijest, dok se pomo\u0107nik ministra pravde FBiH Hidajet Trako nije javljao Amel Sejfovi\u0107, kojem traje su\u0111enje zbog plja\u010dke Raiffeisen banke na Ilid\u017ei 2013, kada je poginuo biciklista Kemo Ba\u0161i\u0107, u nedjelju je pobjegao iz KPZ-a Sarajevo. U MUP-u Kantona Sarajevo vladala je pometnja zbog bijega [&hellip;]"}

Sandžak PRESS

Amel Sejfović pobjegao iz sarajevskog zatvora

<blockquote class="wp-embedded-content" data-secret="tkMI45ZvXz"><a href="https://sandzakpress.net/arhiva/amel-sejfovic-pobjegao-iz-sarajevskog-zatvora/">Amel Sejfović pobjegao iz sarajevskog zatvora</a></blockquote><iframe sandbox="allow-scripts" security="restricted" src="https://sandzakpress.net/arhiva/amel-sejfovic-pobjegao-iz-sarajevskog-zatvora/embed/#?secret=tkMI45ZvXz" width="600" height="338" title="&#8220;Amel Sejfović pobjegao iz sarajevskog zatvora&#8221; &#8212; Sandžak PRESS" data-secret="tkMI45ZvXz" frameborder="0" marginwidth="0" marginheight="0" scrolling="no" class="wp-embedded-content"></iframe><script type="text/javascript">
/* <![CDATA[ */
/*! This file is auto-generated */
!function(d,l){"use strict";l.querySelector&&d.addEventListener&&"undefined"!=typeof URL&&(d.wp=d.wp||{},d.wp.receiveEmbedMessage||(d.wp.receiveEmbedMessage=function(e){var t=e.data;if((t||t.secret||t.message||t.value)&&!/[^a-zA-Z0-9]/.test(t.secret)){for(var s,r,n,a=l.querySelectorAll('iframe[data-secret="'+t.secret+'"]'),o=l.querySelectorAll('blockquote[data-secret="'+t.secret+'"]'),c=new RegExp("^https?:$","i"),i=0;i<o.length;i++)o[i].style.display="none";for(i=0;i<a.length;i++)s=a[i],e.source===s.contentWindow&&(s.removeAttribute("style"),"height"===t.message?(1e3<(r=parseInt(t.value,10))?r=1e3:~~r<200&&(r=200),s.height=r):"link"===t.message&&(r=new URL(s.getAttribute("src")),n=new URL(t.value),c.test(n.protocol))&&n.host===r.host&&l.activeElement===s&&(d.top.location.href=t.value))}},d.addEventListener("message",d.wp.receiveEmbedMessage,!1),l.addEventListener("DOMContentLoaded",function(){for(var e,t,s=l.querySelectorAll("iframe.wp-embedded-content"),r=0;r<s.length;r++)(t=(e=s[r]).getAttribute("data-secret"))||(t=Math.random().toString(36).substring(2,12),e.src+="#?secret="+t,e.setAttribute("data-secret",t)),e.contentWindow.postMessage({message:"ready",secret:t},"*")},!1)))}(window,document);
/* ]]> */
</script>

Iz sarajevske policije nam nisu potvrdili, ali ni demantovali ovu vijest, dok se pomoćnik ministra pravde FBiH Hidajet Trako nije javljao Amel Sejfović, kojem traje suđenje zbog pljačke Raiffeisen banke na Ilidži 2013, kada je poginuo biciklista Kemo Bašić, u nedjelju je pobjegao iz KPZ-a Sarajevo. U MUP-u Kantona Sarajevo vladala je pometnja zbog bijega [&hellip;]
